False
Is 7315291927 composite?
True
Is 535593053 a composite number?
False
Is 144639247 prime?
False
Is 173081 composite?
False
Is 92575803149 prime?
True
Is 204792529 composite?
True
Is 61370500903 a composite number?
False
Is 25307946229 composite?
True
Is 32332261811 a prime number?
True
Is 1845013543 prime?
False
Is 503277406 a composite number?
True
Is 417664803 prime?
False
Is 24733395235 a composite number?
True
Is 23030914447 prime?
True
Is 254653457 a composite number?
True
Is 30531544103 composite?
False
Is 119629654301 composite?
True
Is 13693158337 a prime number?
False
Is 10248260843 prime?
False
Is 3017180911 a composite number?
False
Is 148443877349 a composite number?
False
Is 1707115 composite?
True
Is 26685538613 a prime number?
True
Is 504057871 prime?
False
Is 1304376379 prime?
False
Is 3971702989 composite?
False
Is 1144038767 a composite number?
False
Is 309461486189 a composite number?
False
Is 3595948133 prime?
False
Is 585063287 composite?
False
Is 3452169965 a composite number?
True
Is 292032757 a composite number?
False
Is 46106639699 prime?
True
Is 16248276599 composite?
False
Is 429480799 a composite number?
True
Is 5086836187 a composite number?
False
Is 239864500333 a composite number?
False
Is 86375297287 a prime number?
True
Is 23995949717 a composite number?
False
Is 8359450251 a composite number?
True
Is 12164497909 prime?
True
Is 599629717 a composite number?
True
Is 1699070071 a prime number?
True
Is 121548559633 composite?
True
Is 4641077029 prime?
True
Is 3770094797 a prime number?
False
Is 7411565017 composite?
False
Is 174595717 prime?
False
Is 94738971497 a composite number?
True
Is 1400398913 a prime number?
False
Is 1225202465 a composite number?
True
Is 1407073849 composite?
True
Is 387962429 composite?
False
Is 1532299597 composite?
False
Is 1934062501 a composite number?
True
Is 4475941333 prime?
False
Is 173305453199 a composite number?
False
Is 6609121591 composite?
True
Is 1759623793 prime?
False
Is 1197770307 a composite number?
True
Is 191541291427 prime?
False
Is 13255828577 composite?
False
Is 10491713411 a composite number?
False
Is 6168504673 a prime number?
True
Is 889570349 a prime number?
True
Is 2652679643 composite?
True
Is 143375918417 prime?
True
Is 2384485574 a composite number?
True
Is 2147586841 a prime number?
False
Is 68661097 prime?
False
Is 29127192321 composite?
True
Is 5139749 prime?
False
Is 487237609 a composite number?
True
Is 5466417863 a composite number?
False
Is 22108016291 a composite number?
False
Is 74722197149 a composite number?
False
Is 346969875233 a prime number?
True
Is 2464255691 composite?
False
Is 6408775757 a prime number?
False
Is 568635773 a composite number?
False
Is 1812151723 a prime number?
True
Is 130034358631 a composite number?
False
Is 147530334151 prime?
False
Is 111694073369 composite?
False
Is 3048256361 composite?
True
Is 717192977 a composite number?
False
Is 35808636377 prime?
True
Is 355243981 composite?
False
Is 338157151 composite?
True
Is 24807037219 a composite number?
False
Is 21415850767 a composite number?
True
Is 2107727857 a composite number?
False
Is 27836109865 a prime number?
False
Is 7229435009 prime?
False
Is 564673985 composite?
True
Is 679099313 composite?
False
Is 5439781705 a composite number?
True
Is 378224153 a composite number?
False
Is 5109740747 a composite number?
True
Is 66392639501 composite?
True
Is 3017363273 composite?
False
Is 117735217 a composite number?
True
Is 1034910923 prime?
True
Is 2039105678 a prime number?
False
Is 539838659989 composite?
False
Is 875305961 composite?
False
Is 6091077719 a prime number?
False
Is 13300040791 prime?
True
Is 77537597 composite?
False
Is 182934159609 composite?
True
Is 3319580373 a composite number?
True
Is 11078521107 a composite number?
True
Is 2075136959 a prime number?
False
Is 218681731 composite?
False
Is 14717766899 a prime number?
False
Is 829961581 composite?
False
Is 6060167093 a composite number?
False
Is 768676166 composite?
True
Is 5281594501 a composite number?
False
Is 21740537647 a prime number?
True
Is 719816411 composite?
False
Is 2195321563 a composite number?
False
Is 164116541 composite?
True
Is 37226219 a prime number?
True
Is 607872851 a prime number?
False
Is 135279529181 prime?
True
Is 12844921417 prime?
True
Is 25912264367 a prime number?
False
Is 9358147151 prime?
True
Is 429618896149 a prime number?
True
Is 6180641261 a composite number?
True
Is 8579198153 composite?
False
Is 5646028091 a composite number?
True
Is 3141544897 prime?
False
Is 3300776977 composite?
False
Is 933367387 composite?
False
Is 455396597 composite?
True
Is 9191608901 composite?
False
Is 11337598847 a prime number?
True
Is 18773785619 composite?
True
Is 58444368683 composite?
True
Is 1413202723 a composite number?
True
Is 1283855329 prime?
True
Is 17819128099 a prime number?
True
Is 30325765199 composite?
True
Is 1260039785 prime?
False
Is 627604960181 composite?
False
Is 18105281 a prime number?
False
Is 19630182773 a prime number?
True
Is 1495810493 a composite number?
True
Is 1040569051 a composite number?
True
Is 22667144251 a composite number?
True
Is 165901457 a prime number?
False
Is 28553010907 a prime number?
False
Is 3703831223 prime?
True
Is 54921407757 composite?
True
Is 20619340051 prime?
False
Is 7094445247 a prime number?
False
Is 353554939 prime?
False
Is 243792421 composite?
True
Is 7665982729 a composite number?
False
Is 52108279189 a prime number?
True
Is 5789023081 a prime number?
True
Is 146993155 a prime number?
False
Is 37115622953 composite?
False
Is 6386326567 composite?
False
Is 1935832229 composite?
True
Is 853240214 composite?
True
Is 4184694967 a prime number?
True
Is 664554767 a composite number?
False
Is 5178733283 composite?
False
Is 110277759023 prime?
False
Is 8255165591 a composite number?
False
Is 1192969419 composite?
True
Is 138948715801 prime?
False
Is 85241306429 composite?
True
Is 750359249 a prime number?
True
Is 9817923179 a composite number?
False
Is 1583909503 composite?
True
Is 309685463 composite?
False
Is 98660602949 composite?
False
Is 8812044607 a prime number?
True
Is 10105281271 composite?
True
Is 21232543063 a composite number?
False
Is 2005572733 a composite number?
False
Is 662511761 prime?
False
Is 5854599629 a composite number?
False
Is 6479400617 a composite number?
True
Is 489531081931 a composite number?
True
Is 17791568287 a composite number?
True
Is 34307091317 composite?
True
Is 7638109837 prime?
False
Is 79042043 prime?
False
Is 7438018373 a prime number?
True
Is 142755269 a prime number?
False
Is 28959139097 a composite number?
True
Is 2444611157 composite?
True
Is 9148708157 composite?
False
Is 1736870267 prime?
False
Is 232752857 prime?
True
Is 148598509177 prime?
True
Is 304536329 composite?
False
Is 889613629 a composite number?
True
Is 15937085207 a composite number?
False
Is 959626913 prime?
False
Is 1829902331 prime?
False
Is 35158695811 prime?
True
Is 53626373293 composite?
False
Is 348826666 composite?
True
Is 1662274301 prime?
True
Is 110746607 composite?
True
Is 14717798837 composite?
True
Is 318923987 a prime number?
False
Is 13249748987 a prime number?
False
Is 9753948706 composite?
True
Is 1849787671 prime?
True
Is 42406017587 a prime number?
False
Is 166127551379 prime?
True
Is 85386045737 prime?
False
Is 4825910443 a prime number?
True
Is 1671541849 composite?
False
Is 2190797251 a composite number?
False
Is 49070444953 composite?
True
Is 6959395447 prime?
False
Is 343312633 composite?
False
Is 24142513091 prime?
True
Is 1282570517 a prime number?
True
Is 58068727099 a composite number?
True
Is 3088393619 a composite number?
False
Is 883586047 a composite number?
False
Is 128611771 composite?
False
Is 359353333 a composite number?
True
Is 3580532983 a composite number?
True
Is 10225041809 a composite number?
True
Is 12218422279 a prime number?
False
Is 846379987 prime?
True
Is 1039402373 a composite number?
False
Is 7823765401 a composite number?
False
Is 1507317221 a composite number?
True
Is 12671648137 prime?
False
Is 1997530333 prime?
True
Is 15027494903 a composite number?
False
Is 535650103 composite?
False
Is 3927898901 a composite number?
False
Is 2167079771 prime?
True
Is 752